s of 4117 + (-4)/((-8)/16*4)?
3, 1373
Let q(t) = 4*t**2 - 239*t - 835. What are the prime factors of q(108)?
11, 17, 107
Suppose 24 = 7*u - 5*u. Let w = 10 - u. List the prime factors of (-5)/(-10) - 25/w.
13
Suppose -3*z + 2*o = -5344, -4*z = 3*o - 1754 - 5394. Suppose -2*r = u - z, -3*r + 5*u + 2980 = 330. List the prime factors of r.
2, 5, 89
Suppose 33089 = 3*t - w, 9*t + 3*w - 33081 = 6*t. What are the prime factors of t?
41, 269
Let p(t) = -7315*t + 1195. List the prime factors of p(-6).
5, 71, 127
Let d be ((-55)/10 - -6)*3788. Suppose -2*u + 188 = 5*g - d, 2*g = u - 1041. List the prime factors of u.
3, 347
Let c = 26882 + -11043. What are the prime factors of c?
47, 337
Suppose -5*c + 20 = 0, 241 - 72 = -3*d + 4*c. Let k(o) = -6*o + 84. Let m be k(14). Let t = m - d. List the prime factors of t.
3, 17
Let a(b) = 860*b**2 + 55*b - 46. List the prime factors of a(6).
2, 73, 107
Let w = 20143 - 14792. List the prime factors of w.
5351
Let o(i) = 84*i**2 + 3*i. Let m be o(1). Suppose 65*c - 66*c = -m. Suppose -89*u = -c*u - 386. What are the prime factors of u?
193
Let p = 506 + -472. Suppose 0 = -p*l + 13607 - 3373. What are the prime factors of l?
7, 43
Suppose -33*a + 1770192 = -228767 - 137395. List the prime factors of a.
2, 32369
Let t be ((-8)/(-10))/((-5)/(125/(-10))). Suppose 4*i - u - 155 = 2*u, -u + 85 = t*i. List the prime factors of i.
41
Suppose -3*n + 2 = -2*n. Let u(k) = k**2 + 27*k - 8. Let j(r) = 2*r**2 + 23*r - 7. Let x(v) = 5*j(v) - 4*u(v). List the prime factors of x(n).
5, 7
Let r(c) = -2*c + 48. Let g be r(23). Suppose 2*n = g*i + 1410, 2*i = -4*n + 4*i + 2810. List the prime factors of n.
2, 5, 7
Let m be 547/(-2 + 6 + -3). Suppose 261*j - 252*j + 3474 = 0. Let o = m + j. List the prime factors of o.
7, 23
Suppose 345203 = 158*l - 402137. List the prime factors of l.
2, 5, 11, 43
Let n(k) be the third derivative of k**6/120 - 3*k**5/20 - k**4/4 + 4*k**3/3 + 2*k**2 + 61. What are the prime factors of n(12)?
2, 23
Let u(q) = -256*q - 8 + 260*q - 15. What are the prime factors of u(18)?
7
Suppose -23078 = -4*x + 3*k + 46222, -2*k = -2*x + 34652. What are the prime factors of x?
2, 3, 2887
Suppose -4*r - 4*w + 9*w + 4 = 0, 2 = 2*r + 4*w. Let y(k) = -16*k - 22. Let i(b) = -b + 1. Let q(a) = r*y(a) - 5*i(a). What are the prime factors of q(-8)?
61
Suppose -2182*q + 2154*q = -220220. What are the prime factors of q?
5, 11, 13
List the prime factors of 3/(((-3)/315 - 0)/(429/(-55))).
3, 7, 13
Suppose 3*i - 5*x + 4*x = 45076, 5*x - 30045 = -2*i. What are the prime factors of i?
5, 601
Suppose -o + 6*y = -5418, -17*y + 19*y - 8 = 0. What are the prime factors of o?
2, 3, 907
Let d(i) = -705*i - 9539. List the prime factors of d(-63).
2, 8719
Suppose -34*k = -764238 + 196676. List the prime factors of k.
16693
Let y be (-10)/((-4)/552*18/294). List the prime factors of (-13)/(-52) + y/16.
1409
List the prime factors of 5439 + -10*(-30)/(-25).
3, 67
Let a = 1194 - 2004. Let w = -716 - a. List the prime factors of w.
2, 47
Suppose -8*m + 3*m - 10 = 0. Let w be -7 + -9 - (1 + m). Let k = w + 25. List the prime factors of k.
2, 5
Suppose -19*m + 27604 = -20029. Suppose 4*f + m = 3*n, 5*n + 2*f = -3*f + 4155. Suppose 2*b + 5*b = n. List the prime factors of b.
7, 17
Let w = -32 - 31. Let g = w + 65. Suppose -6*l = -2*t - g*l + 30, 2*t - 5*l = 28. List the prime factors of t.
19
Suppose -y + 14063 = 2*m, 0 = -0*y + y + 4*m - 14077. List the prime factors of y.
3, 7, 223
Let n(c) = -c**2 + 2*c. Let r be n(3). Let m = 3 - r. Let l(s) = -s**2 + 12*s + 4. What are the prime factors of l(m)?
2, 5
Let m = -594 - 146. What are the prime factors of ((-10)/4)/(-3 - 2215/m)?
2, 5, 37
Let o be (5 + 46 + 0)*(-6)/(-9). Suppose o*x - 15227 = -3939. What are the prime factors of x?
2, 83
What are the prime factors of 82518/255*(-3 - -8)?
2, 809
Suppose -4*h + 93 = -u, -4*u = 4*h - 8*u - 96. Suppose -11 + h = 4*p. Suppose -87 = -p*f + 39. What are the prime factors of f?
2, 3, 7
Let r = 20 + -32. Let l = r - -15. Suppose 0*b = -l*b + 357. List the prime factors of b.
7, 17
Suppose j = c - 1087, -4*j = 24*c - 19*c + 4303. Let d = j + 1747. What are the prime factors of d?
5, 7, 19
Let b(g) = -7*g + 19. Let h be b(0). Suppose 23*x = -h*x + 19404. List the prime factors of x.
2, 3, 7, 11
Let r = -2743 - -8360. What are the prime factors of r?
41, 137
List the prime factors of ((-2)/39)/(69/207) - (-247212)/26.
2, 2377
Suppose -4*y - 2*s = -24, -20 = y - 3*y - 5*s. Suppose 0 = -p + 5*p + 5*x + 14, -4*x = y*p + 13. What are the prime factors of -85*p/(-5)*-3?
3, 17
Let d = -908 - 360. Let n = d - -1902. What are the prime factors of n?
2, 317
Let u(n) = 3*n**3 - 53*n**2 + 25*n + 290. List the prime factors of u(31).
5, 7901
Let w(m) be the second derivative of -m**3 - 19*m**2 - 79*m. What are the prime factors of w(-9)?
2
Let f = -501 + 385. Let z = f - -583. List the prime factors of z.
467
What are the prime factors of (-58)/(-435) + 7/(105/126568)?
2, 4219
Suppose -2*s - 11 = -5*b, 3*b - 4*s - 3 = -2. Suppose -3*q + 816 = b*h, 2*h - h - 267 = 4*q. What are the prime factors of h?
271
Let d = 36 - 33. Suppose 151 = d*b - 566. List the prime factors of b.
239
Suppose -b + 426 + 1310 = -3*u, -3*u = 5*b + 1760. Let n be ((-9)/(-15))/((-2)/u). Let p = n + -109. List the prime factors of p.
5, 13
Suppose 5*a - a + 2*q - 16 = 0, 4*a = 3*q + 26. Let n(c) = 3*c - 2. Let i be n(4). Suppose i*l - 885 = -a*l. List the prime factors of l.
59
Suppose 0 = -53*i + 56*i + 27. What are the prime factors of (0 - -1) + (-81)/3*i?
2, 61
Suppose 5*i - 830 = w + 1831, -w - 2128 = -4*i. List the prime factors of i.
13, 41
List the prime factors of (4 - 5)*(-11280 + (-4 - -13)).
3, 13, 17
Let p = -70 - -73. Let c be (-20)/(p + (-10)/3). Let l = c - -77. List the prime factors of l.
137
Let k(f) = 9386*f**2 - 18*f - 4. List the prime factors of k(-1).
2, 5, 47
Let x = -4615 + 8583. Suppose -5*r + m + x = 0, -r - 4*m = -0*r - 802. What are the prime factors of r?
2, 397
Let p = -2595 - -5276. What are the prime factors of p?
7, 383
Let a(g) = 753*g**2 - 99*g + 27. What are the prime factors of a(6)?
3, 983
Suppose -34148 = -7*f + 12493. What are the prime factors of f?
3, 2221
Let z = 459 - 283. List the prime factors of (-11)/(z/(-4)) + 2011/4.
503
Let o be 42644/26 + -5 + 1008/208. Suppose -31*b + 36*b = -4*m + 2189, -3*m = 2*b - o. What are the prime factors of m?
2, 3, 7, 13
Let i(k) = 2*k**2 - 6*k - 4. Let p be i(4). Suppose 2920 = -p*v - y, -2195 = 3*v - 0*y + 2*y. List the prime factors of 3/4 + v/(-4).
3, 61
Suppose t + 4 = -2*n, -t - n + 3*n = -8. Suppose 3*l - t*x = x + 846, -5 = -x. Suppose -2*a + l = 111. List the prime factors of a.
2, 11
Suppose -96*h - 230*h = -30*h - 7696. Suppose 2*a + 5*n = 285, 5*a - 375 - 390 = 5*n. Suppose 16*o = h*o - a. List the prime factors of o.
3, 5
Let t be (0 - 2*(-6)/(-36))*-3030. Let f = -482 + t. What are the prime factors of f?
2, 3, 11
Let z(o) = -61 - 13*o + 9*o + 3*o + 4*o. Let f be z(21). List the prime factors of (-46 + 12)/(f/(-4)).
2, 17
Let k(q) = q**3 + q**2 - q + 1. Let f(v) = 5*v**3 + 8*v**2 - 5*v + 13. Let m(t) = f(t) - 3*k(t). What are the prime factors of m(5)?
3, 5
Suppose -4*l + 3*o = -16570 + 5186, -2*l = -6*o - 5656. What are the prime factors of l?
2, 23, 31
Suppose 0 = -7*m + 13*m - 2406. Let b = m + -274. List the prime factors of b.
127
Let a be (86/(-3))/(34/(-51)). Let x = 35 - a. Let i(o) = o**3 + 10*o**2 - 5*o - 17. What are the prime factors of i(x)?
151
Let k(y) = 3*y + 7. Let i(q) = q**3 - q**2 - 2*q + 80. Let d be i(0). Suppose 3*z + d = 8*z. What are the prime factors of k(z)?
5, 11
Suppose -l - 280 = -2*l + 5*q, 2*q = 4*l - 1084. Suppose -4*x = -20, -4*y = -3*x - 403 - 230. Let b = l - y. List the prime factors of b.
2, 3
List the prime factors of (25 + 7 + 57877)/1.
3, 97, 199
Let d = -3339 + 9255. List the prime factors of d.
2, 3, 17, 29
Let w(t) = -270*t**3 - 2*t**2 - 8*t + 8. Let p be w(1). Let q = p - -1546. List the prime factors of q.
2, 7, 13
Suppose -617 = -7*l + 2421. Let y = -72 + l. What are the prime factors of y?
2, 181
Suppose 12*m - 10*m + 2 = 0. Let y be (56/(-24))/(m/3). Suppose y*o - 244 = 78. What are the prime factors of o?
2, 23
Let w(d) = 3*d**3 - 2*d**2 - 4*d - 6. L